{"id":500,"date":"2025-02-20T20:01:54","date_gmt":"2025-02-20T19:01:54","guid":{"rendered":"https:\/\/fundacjaklik.pl\/?page_id=500"},"modified":"2025-02-20T20:04:23","modified_gmt":"2025-02-20T19:04:23","slug":"elementor-strona-500","status":"publish","type":"page","link":"https:\/\/fundacjaklik.pl\/index.php\/nasze-projekty\/elementor-strona-500\/","title":{"rendered":"Spektakl taneczny&#8221;Miastopodobni&#8221;"},"content":{"rendered":"\t\t<div data-elementor-type=\"wp-page\" data-elementor-id=\"500\" class=\"elementor elementor-500\">\n\t\t\t\t<div class=\"elementor-element elementor-element-8402528 e-flex e-con-boxed e-con e-parent\" data-id=\"8402528\" data-element_type=\"container\">\n\t\t\t\t\t<div class=\"e-con-inner\">\n\t\t<div class=\"elementor-element elementor-element-0e2d0b1 e-con-full e-flex e-con e-child\" data-id=\"0e2d0b1\" data-element_type=\"container\">\n\t\t\t\t<div class=\"elementor-element elementor-element-b7c5d2c elementor-widget elementor-widget-text-editor\" data-id=\"b7c5d2c\" data-element_type=\"widget\" data-widget_type=\"text-editor.default\">\n\t\t\t\t<div class=\"elementor-widget-container\">\n\t\t\t\t\t\t\t\t\t<h3>&#8220;Miasto-podobni&#8221; &#8211; spektakl taneczny<\/h3><p>&#8220;Miasto-podobni&#8221; to spektakl taneczny autorstwa Agnieszki Litman, kt\u00f3ry swoj\u0105 premier\u0119 mia\u0142 w 2019 roku. Na scenie zata\u0144czy\u0142y tancerki <a href=\"http:\/\/www.jazzymotionstudio.pl\">Jazzymotion Studio<\/a>. Spektakl wystawiony zosta\u0142 podczas lubelskiej Nocy Kultury.<\/p><p>Obraz dorastania i \u017cycia w miejskim spo\u0142ecze\u0144stwie, w kt\u00f3rym ka\u017cdy dzia\u0142a w obr\u0119bie schemat\u00f3w, ukrywa si\u0119 za mask\u0105 tego, czego si\u0119 od nas oczekuje. Spektakl opowiada o odnajdywaniu siebie we wsp\u00f3\u0142czesnej miejskiej rzeczywisto\u015bci. Dotyczy r\u00f3wnie\u017c poznawania swoich potrzeb i warto\u015bci oraz poczucia samoakceptacji. To taneczne widowisko sk\u0142ania do refleksji nad potrzeb\u0105 przynale\u017cno\u015bci, ale te\u017c nad tym, kim jeste\u015bmy, co nas do siebie upodabnia, a co czyni nas wyj\u0105tkowymi.<\/p><p>Poni\u017cej mo\u017cecie zapozna\u0107 si\u0119 z fragmentami z tego projektu.<\/p>\t\t\t\t\t\t\t\t<\/div>\n\t\t\t\t<\/div>\n\t\t\t\t<div class=\"elementor-element elementor-element-c7e91fe elementor-widget__width-initial elementor-widget elementor-widget-video\" data-id=\"c7e91fe\" data-element_type=\"widget\" data-settings=\"{&quot;youtube_url&quot;:&quot;https:\\\/\\\/www.youtube.com\\\/watch?v=FIxmuzfZ_2E&quot;,&quot;video_type&quot;:&quot;youtube&quot;,&quot;controls&quot;:&quot;yes&quot;}\" data-widget_type=\"video.default\">\n\t\t\t\t<div class=\"elementor-widget-container\">\n\t\t\t\t\t\t\t<div class=\"elementor-wrapper elementor-open-inline\">\n\t\t\t<div class=\"elementor-video\"><\/div>\t\t<\/div>\n\t\t\t\t\t\t<\/div>\n\t\t\t\t<\/div>\n\t\t\t\t<\/div>\n\t\t\t\t\t<\/div>\n\t\t\t\t<\/div>\n\t\t\t\t<\/div>\n\t\t","protected":false},"excerpt":{"rendered":"<p>&#8220;Miasto-podobni&#8221; &#8211; spektakl taneczny &#8220;Miasto-podobni&#8221; to spektakl taneczny autorstwa Agnieszki Litman, kt\u00f3ry swoj\u0105 premier\u0119 mia\u0142 w 2019 roku. Na scenie zata\u0144czy\u0142y tancerki Jazzymotion Studio. Spektakl wystawiony zosta\u0142 podczas lubelskiej Nocy Kultury. Obraz dorastania i \u017cycia w miejskim spo\u0142ecze\u0144stwie, w kt\u00f3rym ka\u017cdy dzia\u0142a w obr\u0119bie schemat\u00f3w, ukrywa si\u0119 za mask\u0105 tego, &hellip;<\/p>\n","protected":false},"author":1,"featured_media":0,"parent":36,"menu_order":0,"comment_status":"closed","ping_status":"closed","template":"","meta":{"footnotes":""},"class_list":["post-500","page","type-page","status-publish","hentry"],"yoast_head":"<!-- This site is optimized with the Yoast SEO plugin v25.5 - https:\/\/yoast.com\/wordpress\/plugins\/seo\/ -->\n<title>Spektakl taneczny&quot;Miastopodobni&quot; - Fundacja KLIK<\/title>\n<meta name=\"robots\" content=\"index, follow, max-snippet:-1, max-image-preview:large, max-video-preview:-1\" \/>\n<link rel=\"canonical\" href=\"https:\/\/fundacjaklik.pl\/index.php\/nasze-projekty\/elementor-strona-500\/\" \/>\n<meta property=\"og:locale\" content=\"pl_PL\" \/>\n<meta property=\"og:type\" content=\"article\" \/>\n<meta property=\"og:title\" content=\"Spektakl taneczny&quot;Miastopodobni&quot; - Fundacja KLIK\" \/>\n<meta property=\"og:description\" content=\"&#8220;Miasto-podobni&#8221; &#8211; spektakl taneczny &#8220;Miasto-podobni&#8221; to spektakl taneczny autorstwa Agnieszki Litman, kt\u00f3ry swoj\u0105 premier\u0119 mia\u0142 w 2019 roku. Na scenie zata\u0144czy\u0142y tancerki Jazzymotion Studio. Spektakl wystawiony zosta\u0142 podczas lubelskiej Nocy Kultury. Obraz dorastania i \u017cycia w miejskim spo\u0142ecze\u0144stwie, w kt\u00f3rym ka\u017cdy dzia\u0142a w obr\u0119bie schemat\u00f3w, ukrywa si\u0119 za mask\u0105 tego, &hellip;\" \/>\n<meta property=\"og:url\" content=\"https:\/\/fundacjaklik.pl\/index.php\/nasze-projekty\/elementor-strona-500\/\" \/>\n<meta property=\"og:site_name\" content=\"Fundacja KLIK\" \/>\n<meta property=\"article:modified_time\" content=\"2025-02-20T19:04:23+00:00\" \/>\n<meta name=\"twitter:card\" content=\"summary_large_image\" \/>\n<meta name=\"twitter:label1\" content=\"Szacowany czas czytania\" \/>\n\t<meta name=\"twitter:data1\" content=\"1 minuta\" \/>\n<script type=\"application\/ld+json\" class=\"yoast-schema-graph\">{\"@context\":\"https:\/\/schema.org\",\"@graph\":[{\"@type\":\"WebPage\",\"@id\":\"https:\/\/fundacjaklik.pl\/index.php\/nasze-projekty\/elementor-strona-500\/\",\"url\":\"https:\/\/fundacjaklik.pl\/index.php\/nasze-projekty\/elementor-strona-500\/\",\"name\":\"Spektakl taneczny\\\"Miastopodobni\\\" - Fundacja KLIK\",\"isPartOf\":{\"@id\":\"https:\/\/fundacjaklik.pl\/#website\"},\"datePublished\":\"2025-02-20T19:01:54+00:00\",\"dateModified\":\"2025-02-20T19:04:23+00:00\",\"breadcrumb\":{\"@id\":\"https:\/\/fundacjaklik.pl\/index.php\/nasze-projekty\/elementor-strona-500\/#breadcrumb\"},\"inLanguage\":\"pl-PL\",\"potentialAction\":[{\"@type\":\"ReadAction\",\"target\":[\"https:\/\/fundacjaklik.pl\/index.php\/nasze-projekty\/elementor-strona-500\/\"]}]},{\"@type\":\"BreadcrumbList\",\"@id\":\"https:\/\/fundacjaklik.pl\/index.php\/nasze-projekty\/elementor-strona-500\/#breadcrumb\",\"itemListElement\":[{\"@type\":\"ListItem\",\"position\":1,\"name\":\"Strona g\u0142\u00f3wna\",\"item\":\"https:\/\/fundacjaklik.pl\/\"},{\"@type\":\"ListItem\",\"position\":2,\"name\":\"Nasze projekty\",\"item\":\"https:\/\/fundacjaklik.pl\/index.php\/nasze-projekty\/\"},{\"@type\":\"ListItem\",\"position\":3,\"name\":\"Spektakl taneczny&#8221;Miastopodobni&#8221;\"}]},{\"@type\":\"WebSite\",\"@id\":\"https:\/\/fundacjaklik.pl\/#website\",\"url\":\"https:\/\/fundacjaklik.pl\/\",\"name\":\"Fundacja KLIK\",\"description\":\"Fundacja KLIK tworzy przestrze\u0144 dla os\u00f3b chc\u0105cych rozwija\u0107 si\u0119 w r\u00f3\u017cnych dziedzinach kultury, dzia\u0142alno\u015bci artystycznej i edukacji.\",\"publisher\":{\"@id\":\"https:\/\/fundacjaklik.pl\/#organization\"},\"potentialAction\":[{\"@type\":\"SearchAction\",\"target\":{\"@type\":\"EntryPoint\",\"urlTemplate\":\"https:\/\/fundacjaklik.pl\/?s={search_term_string}\"},\"query-input\":{\"@type\":\"PropertyValueSpecification\",\"valueRequired\":true,\"valueName\":\"search_term_string\"}}],\"inLanguage\":\"pl-PL\"},{\"@type\":\"Organization\",\"@id\":\"https:\/\/fundacjaklik.pl\/#organization\",\"name\":\"Fundacja KLIK\",\"url\":\"https:\/\/fundacjaklik.pl\/\",\"logo\":{\"@type\":\"ImageObject\",\"inLanguage\":\"pl-PL\",\"@id\":\"https:\/\/fundacjaklik.pl\/#\/schema\/logo\/image\/\",\"url\":\"https:\/\/fundacjaklik.pl\/wp-content\/uploads\/2023\/10\/cropped-Projekt-bez-nazwy.png\",\"contentUrl\":\"https:\/\/fundacjaklik.pl\/wp-content\/uploads\/2023\/10\/cropped-Projekt-bez-nazwy.png\",\"width\":384,\"height\":264,\"caption\":\"Fundacja KLIK\"},\"image\":{\"@id\":\"https:\/\/fundacjaklik.pl\/#\/schema\/logo\/image\/\"}}]}<\/script>\n<!-- \/ Yoast SEO plugin. -->","yoast_head_json":{"title":"Spektakl taneczny\"Miastopodobni\" - Fundacja KLIK","robots":{"index":"index","follow":"follow","max-snippet":"max-snippet:-1","max-image-preview":"max-image-preview:large","max-video-preview":"max-video-preview:-1"},"canonical":"https:\/\/fundacjaklik.pl\/index.php\/nasze-projekty\/elementor-strona-500\/","og_locale":"pl_PL","og_type":"article","og_title":"Spektakl taneczny\"Miastopodobni\" - Fundacja KLIK","og_description":"&#8220;Miasto-podobni&#8221; &#8211; spektakl taneczny &#8220;Miasto-podobni&#8221; to spektakl taneczny autorstwa Agnieszki Litman, kt\u00f3ry swoj\u0105 premier\u0119 mia\u0142 w 2019 roku. Na scenie zata\u0144czy\u0142y tancerki Jazzymotion Studio. Spektakl wystawiony zosta\u0142 podczas lubelskiej Nocy Kultury. Obraz dorastania i \u017cycia w miejskim spo\u0142ecze\u0144stwie, w kt\u00f3rym ka\u017cdy dzia\u0142a w obr\u0119bie schemat\u00f3w, ukrywa si\u0119 za mask\u0105 tego, &hellip;","og_url":"https:\/\/fundacjaklik.pl\/index.php\/nasze-projekty\/elementor-strona-500\/","og_site_name":"Fundacja KLIK","article_modified_time":"2025-02-20T19:04:23+00:00","twitter_card":"summary_large_image","twitter_misc":{"Szacowany czas czytania":"1 minuta"},"schema":{"@context":"https:\/\/schema.org","@graph":[{"@type":"WebPage","@id":"https:\/\/fundacjaklik.pl\/index.php\/nasze-projekty\/elementor-strona-500\/","url":"https:\/\/fundacjaklik.pl\/index.php\/nasze-projekty\/elementor-strona-500\/","name":"Spektakl taneczny\"Miastopodobni\" - Fundacja KLIK","isPartOf":{"@id":"https:\/\/fundacjaklik.pl\/#website"},"datePublished":"2025-02-20T19:01:54+00:00","dateModified":"2025-02-20T19:04:23+00:00","breadcrumb":{"@id":"https:\/\/fundacjaklik.pl\/index.php\/nasze-projekty\/elementor-strona-500\/#breadcrumb"},"inLanguage":"pl-PL","potentialAction":[{"@type":"ReadAction","target":["https:\/\/fundacjaklik.pl\/index.php\/nasze-projekty\/elementor-strona-500\/"]}]},{"@type":"BreadcrumbList","@id":"https:\/\/fundacjaklik.pl\/index.php\/nasze-projekty\/elementor-strona-500\/#breadcrumb","itemListElement":[{"@type":"ListItem","position":1,"name":"Strona g\u0142\u00f3wna","item":"https:\/\/fundacjaklik.pl\/"},{"@type":"ListItem","position":2,"name":"Nasze projekty","item":"https:\/\/fundacjaklik.pl\/index.php\/nasze-projekty\/"},{"@type":"ListItem","position":3,"name":"Spektakl taneczny&#8221;Miastopodobni&#8221;"}]},{"@type":"WebSite","@id":"https:\/\/fundacjaklik.pl\/#website","url":"https:\/\/fundacjaklik.pl\/","name":"Fundacja KLIK","description":"Fundacja KLIK tworzy przestrze\u0144 dla os\u00f3b chc\u0105cych rozwija\u0107 si\u0119 w r\u00f3\u017cnych dziedzinach kultury, dzia\u0142alno\u015bci artystycznej i edukacji.","publisher":{"@id":"https:\/\/fundacjaklik.pl\/#organization"},"potentialAction":[{"@type":"SearchAction","target":{"@type":"EntryPoint","urlTemplate":"https:\/\/fundacjaklik.pl\/?s={search_term_string}"},"query-input":{"@type":"PropertyValueSpecification","valueRequired":true,"valueName":"search_term_string"}}],"inLanguage":"pl-PL"},{"@type":"Organization","@id":"https:\/\/fundacjaklik.pl\/#organization","name":"Fundacja KLIK","url":"https:\/\/fundacjaklik.pl\/","logo":{"@type":"ImageObject","inLanguage":"pl-PL","@id":"https:\/\/fundacjaklik.pl\/#\/schema\/logo\/image\/","url":"https:\/\/fundacjaklik.pl\/wp-content\/uploads\/2023\/10\/cropped-Projekt-bez-nazwy.png","contentUrl":"https:\/\/fundacjaklik.pl\/wp-content\/uploads\/2023\/10\/cropped-Projekt-bez-nazwy.png","width":384,"height":264,"caption":"Fundacja KLIK"},"image":{"@id":"https:\/\/fundacjaklik.pl\/#\/schema\/logo\/image\/"}}]}},"_links":{"self":[{"href":"https:\/\/fundacjaklik.pl\/index.php\/wp-json\/wp\/v2\/pages\/500","targetHints":{"allow":["GET"]}}],"collection":[{"href":"https:\/\/fundacjaklik.pl\/index.php\/wp-json\/wp\/v2\/pages"}],"about":[{"href":"https:\/\/fundacjaklik.pl\/index.php\/wp-json\/wp\/v2\/types\/page"}],"author":[{"embeddable":true,"href":"https:\/\/fundacjaklik.pl\/index.php\/wp-json\/wp\/v2\/users\/1"}],"replies":[{"embeddable":true,"href":"https:\/\/fundacjaklik.pl\/index.php\/wp-json\/wp\/v2\/comments?post=500"}],"version-history":[{"count":6,"href":"https:\/\/fundacjaklik.pl\/index.php\/wp-json\/wp\/v2\/pages\/500\/revisions"}],"predecessor-version":[{"id":624,"href":"https:\/\/fundacjaklik.pl\/index.php\/wp-json\/wp\/v2\/pages\/500\/revisions\/624"}],"up":[{"embeddable":true,"href":"https:\/\/fundacjaklik.pl\/index.php\/wp-json\/wp\/v2\/pages\/36"}],"wp:attachment":[{"href":"https:\/\/fundacjaklik.pl\/index.php\/wp-json\/wp\/v2\/media?parent=500"}],"curies":[{"name":"wp","href":"https:\/\/api.w.org\/{rel}","templated":true}]}}